8 - -10965. Calculate the remainder when a is divided by 42.
37
Suppose -657*r - 2806 = -703*r. What is the remainder when r is divided by 41?
20
Suppose 5*f = -3*l + 863, 4*l - f + 114 - 1280 = 0. Calculate the remainder when l is divided by 98.
95
Suppose 13 = -i - 0*h - 3*h, i = 2*h + 12. Suppose -5*o = i*t - 44, t - 3*o = -0*t + 44. Calculate the remainder when 45 is divided by t.
13
Let l = 1135 - 1282. Suppose s + 6*v = v + 43, -2*v + 10 = 0. Calculate the remainder when ((-164)/2)/(98/l) is divided by s.
15
What is the remainder when 17 is divided by (-4 - (-1 + 2))/(-1)?
2
Let g(y) = -8 + y**2 + 5*y - 4 - 10. Suppose -3*s + 28 = 5*t - 6*s, 0 = -3*t - 3*s + 12. What is the remainder when 194 is divided by g(t)?
26
Let n(g) = 2*g**2 - 246*g + 3252. Calculate the remainder when 11987 is divided by n(108).
11
Let b = -638 - -533. Let r = b + 136. What is the remainder when 182 is divided by r?
27
Suppose 3*q = 76 - 31. Calculate the remainder when 2277 is divided by q.
12
Suppose 0 = 5*i + 7*r - 656, 3*i - r + 100 = 504. What is the remainder when i is divided by (-2)/3*51/(-2)?
15
Let o = -7007 + 7115. What is the remainder when 275 is divided by o?
59
Suppose 0 = 9*l - 14*l - 5, -3*a = -3*l - 615. Suppose -a + 1439 = 19*r. Calculate the remainder when r is divided by 19.
8
Suppose -133 - 1338 = -69*i + 47. What is the remainder when 2175 is divided by i?
19
Suppose v - o - 8 - 146 = 0, 4*o = -20. Let a = -2914 - -2967. What is the remainder when v is divided by a?
43
Let p(b) = b**3 + 8*b**2 - 8*b + 14. Let o be p(-7). Let y = o + 12. Suppose -2*s + 99 = s. Calculate the remainder when y is divided by s.
32
Suppose 9*c = c + 24. Let g(v) = -v**3 + 6*v**2 - 8*v + 9. What is the remainder when g(4) is divided by 102/27 + (-75)/27 + c?
1
Let p = 11713 + -11520. Calculate the remainder when p is divided by 142.
51
Let n(t) = 4*t**2 - 6*t + 7. What is the remainder when n(-5) is divided by (-6)/(-9) + 2200/165?
11
Let c(w) = -26*w**2 - 477*w - 34. What is the remainder when 7805 is divided by c(-18)?
125
Let p(s) = -17*s - 10. Let d be p(-8). Let k = -117 + d. Let v(y) = 8*y**2 + 2*y - 2. Calculate the remainder when v(2) is divided by k.
7
Let k(v) = 447*v - 482. What is the remainder when k(3) is divided by 57?
4
Let m be (-6)/(1 - (7 - 4))*96. Let d = -282 + m. What is the remainder when d is divided by 2?
0
Suppose 109*z = 391 - 20972 + 157485. Calculate the remainder when z is divided by 61.
36
Let c(b) = 189*b - 645. Suppose 4*u + 3*g = 859, 442 + 412 = 4*u - 2*g. Calculate the remainder when u is divided by c(4).
103
Suppose 0 = 11*w - 71568 - 97. What is the remainder when w is divided by 49?
47
Let m(y) = 21*y + 723. What is the remainder when 1390 is divided by m(-30)?
88
Let u be 10/((27/(-6))/(-9)). Let a = 33 - u. Calculate the remainder when 142 is divided by a.
12
Calculate the remainder when 77 is divided by (92/14)/2 + (-54)/189.
2
Let i(x) = -x**2 + 15*x - 15. Let k be i(14). Let z be 45 + -3*k/3. Suppose 29 + z = 5*n. What is the remainder when 74 is divided by n?
14
Suppose 120*w = 509696 + 3201276 + 1345588. What is the remainder when w is divided by 86?
84
Let p(z) = -z**2 - 3*z + 2. Let v be p(-3). Let r be (-5 + v)*228/18. Let o = -34 - r. What is the remainder when 6 is divided by o?
2
Suppose 5*r - 10 = -2*a, 15 - 5 = 5*r - 4*a. Suppose g - 5*t - 13 = 1, -g + r*t + 23 = 0. What is the remainder when 49 is divided by g?
20
Let q be 2/35*-5 - 214/(-14). Suppose 0 = -133*j + 136*j - q. Calculate the remainder when j is divided by 2.
1
Let b be (-72 + (-5 - -9))*(-2)/4. Suppose b = 20*y - 66. Let k(x) = -x**3 - x**2 - x + 2. Calculate the remainder when y is divided by k(0).
1
Let r = -10720 - -10740. Calculate the remainder when 5499 is divided by r.
19
Suppose -3*o = -3*d - 3474, 325*d = 2*o + 326*d - 2313. What is the remainder when o is divided by 58?
55
Let c = -3 - -3. Let m(p) = -5*p + 8. Let b be m(2). Calculate the remainder when 109 is divided by 30 + (-1)/(-2)*c + b.
25
Let a(c) = c**2 - 4*c - 2. Let d be a(5). Suppose 4*s - 15 = -9*m + 6*m, 0 = 2*s + d*m - 9. Calculate the remainder when 33 is divided by (-27)/(-18)*20/s - 1.
6
Let m be 5/((-50)/4) - (-110)/25. Suppose 0 = m*z + z - 3*h - 170, 0 = -5*h. What is the remainder when 203 is divided by z?
33
Suppose -3*u + 74 = -5*s, 0 = -3*u - 5*s + 8 + 26. Suppose -v + 244 = -3*v. Let y = -87 - v. Calculate the remainder when y is divided by u.
17
Let m(h) = -h**3 - 7*h**2. Suppose 3*p = 5*z + 45, 3*z - 7*z - 3*p = 9. Let l be m(z). Calculate the remainder when 18 is divided by ((-2)/6)/((14/l)/7).
0
What is the remainder when 1803 is divided by 2/15 - 33/495*-1933?
126
Let m = -43 + 72. Suppose -599*s = -498*s - 551 - 9953. What is the remainder when s is divided by m?
17
Suppose 5*r = -6*k + 4*k + 16, 2*k - 4*r + 2 = 0. Suppose 2*p + 9 = -a + 1, 0 = 4*p + k*a + 20. What is the remainder when (1494/45*10/(-2))/p is divided by 17?
15
Let n(x) = -2*x - 16. Let b be n(21). Let z = 50 - b. Suppose 3*d - 8*d = -280. What is the remainder when z is divided by d?
52
Suppose -3 + 68 = 5*k. Suppose 3*j - k = -4*h, 0*h = -j - h + 3. What is the remainder when 32 is divided by (1 + -19)/(j/1*1)?
14
Suppose 5*p + 633 = -2*y + 189, 2*p + 5*y = -186. Let t = p - -132. Calculate the remainder when 395 is divided by t.
43
Let l = -808 + 1122. Calculate the remainder when l is divided by 35.
34
Let v(o) = -2*o**3 - 4*o**2 - 7*o - 5. Let p be v(-2). Suppose -89*b - p = -92*b. Calculate the remainder when 11 is divided by b.
2
Let r = 21851 - 21295. Calculate the remainder when r is divided by 13.
10
Let u = 49 + -20. Suppose 5*h + 3*l - 33 = 0, -h + u = l - 6*l. Let t = -13121 + 13144. What is the remainder when t is divided by h?
5
Suppose 2*k = -k + 6. Suppose 3*p + 0*p = 6. Suppose 2*u + 5*a = 33, -8*a = -p*u - 7*a + 3. Calculate the remainder when u is divided by k.
0
Let k(w) = 6*w**2 - 2*w - 6. Let v be k(2). Suppose -3*z + v = 53*c - 48*c, -9 = -2*z - 3*c. What is the remainder when 167 is divided by z?
2
What is the remainder when (-17)/2*(-5)/((-50)/(-420)) is divided by 63?
42
Let u be 1 - 1/(-1 + 0). Suppose f + 62 = u*f. What is the remainder when f is divided by 25 + ((-10)/(-40))/(2/(-24))?
18
Suppose 867*h = 870*h + 2451. Let b = h + 918. What is the remainder when b is divided by 16?
5
Let j be 21*(-5 + (-25)/(-3)). Suppose 5*m - 90 - j = 0. Calculate the remainder when m is divided by 6.
2
Let o(m) = -2*m**3 - m - 4. Let n = -115 + 118. Calculate the remainder when o(-3) is divided by (-33)/(-99) - (-53)/n.
17
Let h(d) be the third derivative of -7*d**4/24 - d**3/3 - d**2. Let z(y) = y**3 + 81*y**2 - 166*y + 17. What is the remainder when h(-5) is divided by z(-83)?
16
Suppose 13*z - 3870 = -4*z - 28*z. What is the remainder when 243 is divided by z?
71
Let n be 14/(-35) - (-5001)/15. Suppose -x = -3*p - n, -4*x + 1272 = 5*p - 2*p. Calculate the remainder when x is divided by 17.
15
Let s(c) = c**3 + c - 2. Let a = 357 + -226. Let y = 146 - a. Calculate the remainder when y is divided by s(2).
7
Let h(i) = -32*i - 7 - 5*i + 0. What is the remainder when h(-2) is divided by 14?
11
Let t = -255 - -380. Suppose 0 = 3*d - 181 - 5. Suppose d*m = 67*m - t. Calculate the remainder when m is divided by 6.
1
Let q(x) = x**3 - x**2 + 2*x - 13. Calculate the remainder when q(5) is divided by 33.
31
Let y be (-16 - -9)*(-334)/(-7). Let k = -320 - y. Calculate the remainder when 29 is divided by k.
1
Let y = 6361 + -5939. Calculate the remainder when y is divided by 19.
4
Let f(c) = -2*c**3 + 2*c**2 - 1. Let g be f(-1). Suppose -3*s = v - 3*v - g, -3 = v - 3*s. Calculate the remainder when 5 is divided by -4*(-25)/20 + v.
0
Let z(y) = y - 3. Suppose -6*b + 15 + 33 = 0. Let o be z(b). Suppose 280 = o*t + 2*w, 4*t + 0*t - w = 211. What is the remainder when t is divided by 8?
6
Calculate the remainder when 900 is divided by (-3*4/18)/(((-12)/5382)/1).
3
Suppose 5*p = 2*g - 2689, -17 = 4*g - 5. Let t = -519 - p. Calculate the remainder when 61 is divided by t.
1
Let m be (1 - 5 - -5)*0. Suppose 11*p - 10*p - 17 = m. What is the remainder when p is divided by 4?
1
Suppose -4*o - 20 = 0, 0*o = t + 4*o + 18. Suppose 3*h - 4*g + 28 = -85, 0 = t*h + 3*g + 64. Let k = h + 42. Ca